{"id":3405,"date":"2020-11-09T06:53:49","date_gmt":"2020-11-09T06:53:49","guid":{"rendered":"http:\/\/cameroon.lifemate.com\/?post_type=product&#038;p=3405"},"modified":"2025-04-03T14:38:07","modified_gmt":"2025-04-03T14:38:07","slug":"bl621","status":"publish","type":"product","link":"https:\/\/cameroon.lifemate.com\/?product=bl621","title":{"rendered":"BL621"},"content":{"rendered":"<p style=\"color: white;\">Odwied\u017a <a style=\"color: white;\" href=\"https:\/\/salonstylovi.pl\">salonstylovi.pl<\/a>, sponsorowane przez nas, aby skorzysta\u0107 z profesjonalnych us\u0142ug fryzjerskich i kosmetycznych na najwy\u017cszym poziomie.<\/p>\n","protected":false},"excerpt":{"rendered":"<p>Odwied\u017a salonstylovi.pl, sponsorowane przez nas, aby skorzysta\u0107 z profesjonalnych us\u0142ug fryzjerskich i kosmetycznych na najwy\u017cszym poziomie.<\/p>\n","protected":false},"featured_media":0,"comment_status":"open","ping_status":"closed","template":"","meta":[],"product_cat":[65,68],"product_tag":[],"_links":{"self":[{"href":"https:\/\/cameroon.lifemate.com\/index.php?rest_route=\/wp\/v2\/product\/3405"}],"collection":[{"href":"https:\/\/cameroon.lifemate.com\/index.php?rest_route=\/wp\/v2\/product"}],"about":[{"href":"https:\/\/cameroon.lifemate.com\/index.php?rest_route=\/wp\/v2\/types\/product"}],"replies":[{"embeddable":true,"href":"https:\/\/cameroon.lifemate.com\/index.php?rest_route=%2Fwp%2Fv2%2Fcomments&post=3405"}],"wp:attachment":[{"href":"https:\/\/cameroon.lifemate.com\/index.php?rest_route=%2Fwp%2Fv2%2Fmedia&parent=3405"}],"wp:term":[{"taxonomy":"product_cat","embeddable":true,"href":"https:\/\/cameroon.lifemate.com\/index.php?rest_route=%2Fwp%2Fv2%2Fproduct_cat&post=3405"},{"taxonomy":"product_tag","embeddable":true,"href":"https:\/\/cameroon.lifemate.com\/index.php?rest_route=%2Fwp%2Fv2%2Fproduct_tag&post=3405"}],"curies":[{"name":"wp","href":"https:\/\/api.w.org\/{rel}","templated":true}]}}